mine j(-2).
-10
Let x(i) be the first derivative of i**3/3 - 2*i**2 + 4*i + 2829. Determine x(0).
4
Let h be 43 - 35 - (-137 - 1). Let k(u) = -17 - 5 - u**2 + h*u + 4 - 161*u. Calculate k(-13).
8
Let b(t) = -15*t**3 + t**2 + 12*t + 53. Let s(i) = -2*i**3 + 2*i**2 + i - 1. Let w(x) = b(x) - 7*s(x). Give w(-13).
-5
Suppose 13*v = 2*v + 209. Let y(z) = 20 + 3*z - 18*z**2 + 3*z - v - 5*z. What is y(-1)?
-18
Suppose -3*l - 7*c + 4*c + 9 = 0, -5*c - 15 = -5*l. Let u(i) = 2*i**2 - 6*i - 17. Let o(g) = -g**2 + 4*g + 9. Let n(p) = l*u(p) + 5*o(p). Give n(5).
29
Let n(m) = -15*m**2 + 7*m**2 + 6 + 24*m + 10*m**2 - 16*m + 0*m**2. Calculate n(-5).
16
Let l(i) be the first derivative of 5*i**4/4 + 2*i**3/3 + 3*i**2/2 - i - 217. Let v(p) = 4*p**3 + p**2 + 3*p - 1. Let x(n) = 3*l(n) - 4*v(n). Determine x(2).
-5
Let v = 17 - 21. Let u be 15/5 - (-3 + 0). Let g be -2 - v - -1 - u. Let x(d) = 2*d**2 + 4*d - 1. What is x(g)?
5
Suppose 6*x + 0*x = 0. Suppose 3*y + 15 = 2*n - x, -5*y - 15 = 0. Let m(q) = 10 + 0*q + 2*q - q**2 + n*q. Determine m(7).
-4
Suppose -5*c + 820 = 3*d, -4*d + 3*d + 5*c + 300 = 0. Let l(n) = 3*n**2 - 274*n - 2 + d*n - 2*n**2. Determine l(-6).
-2
Suppose v = -5, 80 = 5*c - 0*c + 5*v. Suppose -25*h + c*h + 8 = 0. Let f(r) be the third derivative of -r**5/20 + r**4/6 - r**3/3 - r**2. Give f(h).
-6
Let h(u) be the second derivative of -u**5/40 + 5*u**4/24 - 3*u**3/2 - 9*u - 5. Let n(k) be the second derivative of h(k). Give n(4).
-7
Let l(b) = 61 - 49 + b**2 + b + 7. Let f(v) = -3*v - 3. Let c be f(-1). Give l(c).
19
Let m(b) be the first derivative of b**2/2 - b - 2. Let t be (-30 - -2)/1*10/(-20). Let i(y) = 6*y - 4. Let a(u) = t*m(u) - 2*i(u). Give a(5).
4
Suppose 21*v - 57 = 409 + 248. Let n(k) = -2*k + 76. What is n(v)?
8
Let c(y) = y - 3. Suppose g - o - 3 = -2*g, 0 = 5*o - 15. Let z be 2976/(-279) - g/(-3). Calculate c(z).
-13
Let i(k) = -36 + 8*k + 79 + 2*k**2 - 49. Calculate i(-8).
58
Let c be (2 - 1 - 0)*-3. Let j(n) = 18 + 9*n + 22 + 18 - 44. Let p(o) = 19*o + 30. Let i(g) = 13*j(g) - 6*p(g). What is i(c)?
-7
Let i = -213 - -135. Let r = i - -81. Let l(k) = 15 - 6*k + k**2 + r*k**2 - 5*k**2 - 5. What is l(-7)?
3
Let w(b) be the second derivative of -b**4/12 + 25*b**3/3 - 191*b**2/2 - 3649*b. Determine w(46).
-7
Suppose -2*h + 0*h + 16 = 0. Let x(y) be the second derivative of y**3/2 - 3*y**2/2 + 494*y. Determine x(h).
21
Let t = 11 + 8. Suppose 5*h = -2*l - 2*l + t, -5*h + 13 = -2*l. Let u(p) = -p**2 + p**h + 0 - 3*p + 2 + 1. Determine u(2).
1
Let w(q) = 16*q + 13. Let n be -8*99/(-88)*4/(-6). Calculate w(n).
-83
Let k(h) = 5*h - 10. Let l be k(3). Suppose l*u = 4*s - 7, -19 = 3*u - 0*u + 5*s. Let d(i) = -4*i**2 - 4*i. What is d(u)?
-24
Let t be (-1)/10 - ((-12810)/100)/21. Let u(l) = 2*l**3 - 14*l**2 + 13*l - 2. What is u(t)?
4
Let v(l) be the third derivative of -l**5/60 + l**4/8 - l**3/2 + 304*l**2. What is v(-8)?
-91
Suppose 0 = -4*a - 20, 10 = -10*n + 15*n + a. Let m(q) be the third derivative of q**4/24 - q**3/2 + 3*q**2. Calculate m(n).
0
Suppose -43*g + 88*g - 1130 = -68*g. Let i(u) be the first derivative of 1/3*u**3 + g - 7/2*u**2 + 5*u. What is i(6)?
-1
Suppose -22 + 37 = -15*x. Let r(o) = -34*o**2 - 40*o - 2. Determine r(x).
4
Let r(w) be the third derivative of w**6/120 - 3*w**5/10 - 5*w**4/8 - 10*w**3 - 5*w**2 - 955. Calculate r(19).
16
Suppose -6*v - 36 = -2*v. Let r(l) = 27 - 61 + 31 - 16*l - 2*l**2 - 2*l. Give r(v).
-3
Let r(b) = -b**3 - 10*b**2 - 2*b - 15. Let o(l) = -l - 20. Let z be o(-13). Let v be 1*-1 + -2 + z. Give r(v).
5
Let s(l) = -22*l + 3 + 23*l - 16. Let n be s(7). Let d(p) be the third derivative of p**5/60 + 5*p**4/12 + 7*p**3/6 - 6*p**2. Give d(n).
-17
Let z(g) = g - g**2 + 82623 + 7*g - 82636. Determine z(6).
-1
Suppose -5*g = 2*y + 3*y - 90, -2*y = g - 36. Suppose q - y = -16. Let a(c) = -c**3 - q*c + 3 - 80*c**2 + 1 + 75*c**2. Determine a(-3).
-8
Let j(f) be the third derivative of 0 + 11/24*f**4 - f**2 + 0*f + 1/2*f**3 - 1/60*f**5. Suppose -2*h - h = -216 + 186. Determine j(h).
13
Let a(z) = z**3 - 7 - 2*z**3 + 8*z**2 + 24 - 27*z - 24*z**2. Let j be a(-14). Let s(v) = j*v + v + 0*v**2 + 2*v**2 - 2 - v**3. Give s(3).
1
Suppose -3*q - 4*b + 16 = 5, -b = -5. Let p(m) = 5*m + 9. Let y(z) = 2*z + 4. Let r(s) = q*p(s) + 7*y(s). Suppose 2*l = l + 5. Calculate r(l).
-4
Let x(f) = -f**2 + 17*f - 4. Let y(l) be the first derivative of -l**2/2 + 2. Let a(i) = -x(i) - 5*y(i). Give a(11).
-7
Let s(u) = -u**3 - 4*u**2 + 6*u + 2. Let b(d) = -d**2 - 10*d - 2. Let j be b(-8). Let q = -19 + j. Calculate s(q).
-3
Let z(p) = -p**3 - 3*p**2 + 1. Let j(h) = 3*h**3 + 5*h**2 + h - 1. Let l(k) = j(k) + z(k). Calculate l(-2).
-10
Let n(d) = d**3 - 6*d**2 + 8*d - 9. Let y = -303 - -308. Suppose f = -y, 5*z + 2*f = -f + 10. Determine n(z).
6
Let s(y) = -y**2 - y + 7. Let o = 417 + -403. Let h be 6*(-7)/o*1. Determine s(h).
1
Let a(g) = 2*g**3 - 14*g**2 + 16*g - 15. Suppose 54 + 78 = 179*w - 157*w. Calculate a(w).
9
Let h(x) = -2*x - 1. Let y(o) = 25*o + 48. Let i(n) = -11*h(n) - y(n). Calculate i(15).
-82
Let b(s) = -9*s**3 - 937*s**2 - 105*s - 91. Let g be b(-104). Let x(n) = 6*n - 37. Determine x(g).
41
Let a(o) = -o + 1. Let n(i) = -2*i**2 - 8*i + 15. Let u be n(9). Let v = 217 + u. Determine a(v).
3
Suppose 5*v = -10 - 0. Let g(s) be the first derivative of -106 + 35*s - 70*s + 8*s**2 - 6*s**2 + 34*s. What is g(v)?
-9
Suppose -10*r + 45*r = -5*r + 2120. Let o(p) = p - 64. Give o(r).
-11
Suppose -25 = 47*f + 18 + 4. Let a(m) = 16*m + 1. Let g(t) = 32*t + 3. Let h(v) = 5*a(v) - 2*g(v). Determine h(f).
-17
Let v(b) = -b + 3. Let w(g) = 17*g - 83. Suppose 0 = -7*l - 33 + 103. Let y be w(l). Let d = y - 79. What is v(d)?
-5
Let z = -23 + 18. Let n(g) be the second derivative of -g**4/12 + g**3/6 + 3*g**2 + 2*g + 443. Determine n(z).
-24
Let f(x) = x**3 - 7*x**2 - 7*x - 24. Let m be 1/((-1)/(-10))*(-164)/(-205). Determine f(m).
-16
Let z(x) = -x. Let u(c) = c**3 + 4*c**2 - 6*c - 2. Let h be u(-5). Let p = h - 0. Let k be ((-9)/6)/(p/(-2)). What is z(k)?
-1
Suppose -3*r = -34 - 50. Suppose 2*i + r = 6*i. Let c(m) = -i*m**2 + 0*m**2 - 5*m - 7 - 3*m**3 + 2*m**3 - 2*m. Calculate c(-6).
-1
Let i(d) = 75*d + 24. Let w(x) = -111*x - 40. Let h(c) = -3*i(c) - 2*w(c). Let k(f) = -2*f**2 - f. Let t be k(-2). Calculate h(t).
26
Let k(t) be the first derivative of t**3/3 - 3*t**2 - 12*t - 93. Determine k(-2).
4
Let u(h) = h**2 - h - 13. Suppose 4*x = 4*g - 64, -3*x = 3*g - 22 - 20. Let y be (-128)/(-160) - 12/g. Calculate u(y).
-13
Let h(m) = 3*m - 10. Let y(s) = -1. Let z(r) = -2*h(r) + 18*y(r). Give z(-1).
8
Let k = 495 + -487. Let y be 2 + 11/(22/k). Let f(v) = v**3 - 6*v**2 - 3*v + 8. Give f(y).
-10
Let l(z) = -7*z**2 - 78*z - 3. Let j be l(-11). Let t(c) = c**2 + c + 1. Let s(d) = 12*d - 6. Let k(f) = -s(f) + t(f). Give k(j).
-17
Suppose -k = -j, -3*j = -0*j - 4*k + 2. Suppose 0 = 2*s - 3*s - j*z, s = 4*z + 18. Let y(t) = t**3 - 5*t**2 - 8*t - 3. Give y(s).
-15
Let y be (96/88)/(-5*26/715). Let a(m) = -2*m**3 - 13*m**2 + 2*m + 6. Determine a(y).
-42
Let i = -1 + 4. Let d(y) = 4*y**2 - 20*y + 16. Let n be d(4). Let q = n - i. Let v(t) = t**3 + 3*t**2 - 3*t + 3. Give v(q).
12
Let x(v) = -v**3 - 10*v**2 - 8*v + 3. Suppose -5*f - 5*r + 4*r + 33 = 0, 5*f = -5*r + 45. Let g be f*(64/(-12))/(-8). Suppose -2 - 34 = g*w. What is x(w)?
-6
Suppose 0 = -5*j - 15, 106*u - 110*u - 3*j = 85. Let x(a) = a**3 + 17*a**2 - 35*a + 41. Determine x(u).
-16
Let v be (-2 - -2) + -2 + 15. Let h = -9 + v. Let o(f) = 7*f**3 + 2*f**2 - 4*f + 17. Let d(j) = 3*j**3 - 2*j + 8. Let q(t) = 5*d(t) - 2*o(t). Calculate q(h).
-2
Let s(b) = b + 3. Let i(q) = -13*q + 321. Let u(w) = -5*w + 161. Let d(t) = -6*i(t) + 13*u(t). Let l be d(-13). Determine s(l).
1
Let r = 15053 + -15065. Let q(v) = -11*v - 111. Determine q(r).
21
Let l(y) = 15*y + 154. Let h be -6 + (-15 - -13) + -2. Calculate l(h).
4
Let y(n) = -n**2 + 4*n + 1. Let i = 148 - 64. Let o be -2 - i/(-39) - (-100)/26. Suppose c = 3*t - 17, -4*t + c - o*c + 14 = 0. Calculate y(t).
-4
Let o(i) = 3*i**3 - 30*i**2 - 4*i + 4. Let u(n) = 5*n**3 - 50*n**2 - 9*n + 6. Let j(t) = -7*o(t) + 4*u(t). Give j(6).
92
Let m(b) = b**3 + 2*b**2 - b - 2. Let u be (-7 - 289)*(-2)/4. Suppose -154*s = -u*s + 12. Give m(s).
0
Let n(d) 